{"version":"1.0","provider_name":"Conferinta Oltenia","provider_url":"https:\/\/adventistoltenia.ro\/site","author_name":"Conferinta Oltenia","author_url":"https:\/\/adventistoltenia.ro\/site\/author\/adm1n\/","title":"Declara\u021bia Bisericii Adventiste cu privire la avort - Conferinta Oltenia","type":"rich","width":600,"height":338,"html":"<blockquote class=\"wp-embedded-content\" data-secret=\"KBtvg1Rsva\"><a href=\"https:\/\/adventistoltenia.ro\/site\/declaratia-bisericii-adventiste-cu-privire-la-avort\/\">Declara\u021bia Bisericii Adventiste cu privire la avort<\/a><\/blockquote><iframe sandbox=\"allow-scripts\" security=\"restricted\" src=\"https:\/\/adventistoltenia.ro\/site\/declaratia-bisericii-adventiste-cu-privire-la-avort\/embed\/#?secret=KBtvg1Rsva\" width=\"600\" height=\"338\" title=\"&#8220;Declara\u021bia Bisericii Adventiste cu privire la avort&#8221; &#8212; Conferinta Oltenia\" data-secret=\"KBtvg1Rsva\" frameborder=\"0\" marginwidth=\"0\" marginheight=\"0\" scrolling=\"no\" class=\"wp-embedded-content\"><\/iframe><script type=\"text\/javascript\">\n\/*! This file is auto-generated *\/\n!function(c,d){\"use strict\";var e=!1,o=!1;if(d.querySelector)if(c.addEventListener)e=!0;if(c.wp=c.wp||{},c.wp.receiveEmbedMessage);else if(c.wp.receiveEmbedMessage=function(e){var t=e.data;if(!t);else if(!(t.secret||t.message||t.value));else if(\/[^a-zA-Z0-9]\/.test(t.secret));else{for(var r,s,a,i=d.querySelectorAll('iframe[data-secret=\"'+t.secret+'\"]'),n=d.querySelectorAll('blockquote[data-secret=\"'+t.secret+'\"]'),o=new RegExp(\"^https?:$\",\"i\"),l=0;l<n.length;l++)n[l].style.display=\"none\";for(l=0;l<i.length;l++)if(r=i[l],e.source!==r.contentWindow);else{if(r.removeAttribute(\"style\"),\"height\"===t.message){if(1e3<(s=parseInt(t.value,10)))s=1e3;else if(~~s<200)s=200;r.height=s}if(\"link\"===t.message)if(s=d.createElement(\"a\"),a=d.createElement(\"a\"),s.href=r.getAttribute(\"src\"),a.href=t.value,!o.test(a.protocol));else if(a.host===s.host)if(d.activeElement===r)c.top.location.href=t.value}}},e)c.addEventListener(\"message\",c.wp.receiveEmbedMessage,!1),d.addEventListener(\"DOMContentLoaded\",t,!1),c.addEventListener(\"load\",t,!1);function t(){if(o);else{o=!0;for(var e,t,r,s=-1!==navigator.appVersion.indexOf(\"MSIE 10\"),a=!!navigator.userAgent.match(\/Trident.*rv:11\\.\/),i=d.querySelectorAll(\"iframe.wp-embedded-content\"),n=0;n<i.length;n++){if(!(r=(t=i[n]).getAttribute(\"data-secret\")))r=Math.random().toString(36).substr(2,10),t.src+=\"#?secret=\"+r,t.setAttribute(\"data-secret\",r);if(s||a)(e=t.cloneNode(!0)).removeAttribute(\"security\"),t.parentNode.replaceChild(e,t);t.contentWindow.postMessage({message:\"ready\",secret:r},\"*\")}}}}(window,document);\n<\/script>\n","description":"In societate se vorbe\u0219te din ce \u00een ce mai accentuat despre avort, iar \u00eentreb\u0103rile pe care le primim cu privire la acest subiect sunt din ce in ce mai prezente. \u021ain\u00e2nd cont de aceste situatii, Comitetul Executiv al Bisericii Adventiste de Ziua a \u0218aptea la nivel mondial a votat adoptarea documentului \u2013 Declara\u021bie cu privire &hellip; Continued"}

Declarația Bisericii Adventiste cu privire la avort - Conferinta Oltenia

<blockquote class="wp-embedded-content" data-secret="KBtvg1Rsva"><a href="https://adventistoltenia.ro/site/declaratia-bisericii-adventiste-cu-privire-la-avort/">Declarația Bisericii Adventiste cu privire la avort</a></blockquote><iframe sandbox="allow-scripts" security="restricted" src="https://adventistoltenia.ro/site/declaratia-bisericii-adventiste-cu-privire-la-avort/embed/#?secret=KBtvg1Rsva" width="600" height="338" title="&#8220;Declarația Bisericii Adventiste cu privire la avort&#8221; &#8212; Conferinta Oltenia" data-secret="KBtvg1Rsva" frameborder="0" marginwidth="0" marginheight="0" scrolling="no" class="wp-embedded-content"></iframe><script type="text/javascript">
/*! This file is auto-generated */
!function(c,d){"use strict";var e=!1,o=!1;if(d.querySelector)if(c.addEventListener)e=!0;if(c.wp=c.wp||{},c.wp.receiveEmbedMessage);else if(c.wp.receiveEmbedMessage=function(e){var t=e.data;if(!t);else if(!(t.secret||t.message||t.value));else if(/[^a-zA-Z0-9]/.test(t.secret));else{for(var r,s,a,i=d.querySelectorAll('iframe[data-secret="'+t.secret+'"]'),n=d.querySelectorAll('blockquote[data-secret="'+t.secret+'"]'),o=new RegExp("^https?:$","i"),l=0;l<n.length;l++)n[l].style.display="none";for(l=0;l<i.length;l++)if(r=i[l],e.source!==r.contentWindow);else{if(r.removeAttribute("style"),"height"===t.message){if(1e3<(s=parseInt(t.value,10)))s=1e3;else if(~~s<200)s=200;r.height=s}if("link"===t.message)if(s=d.createElement("a"),a=d.createElement("a"),s.href=r.getAttribute("src"),a.href=t.value,!o.test(a.protocol));else if(a.host===s.host)if(d.activeElement===r)c.top.location.href=t.value}}},e)c.addEventListener("message",c.wp.receiveEmbedMessage,!1),d.addEventListener("DOMContentLoaded",t,!1),c.addEventListener("load",t,!1);function t(){if(o);else{o=!0;for(var e,t,r,s=-1!==navigator.appVersion.indexOf("MSIE 10"),a=!!navigator.userAgent.match(/Trident.*rv:11\./),i=d.querySelectorAll("iframe.wp-embedded-content"),n=0;n<i.length;n++){if(!(r=(t=i[n]).getAttribute("data-secret")))r=Math.random().toString(36).substr(2,10),t.src+="#?secret="+r,t.setAttribute("data-secret",r);if(s||a)(e=t.cloneNode(!0)).removeAttribute("security"),t.parentNode.replaceChild(e,t);t.contentWindow.postMessage({message:"ready",secret:r},"*")}}}}(window,document);
</script>

In societate se vorbește din ce în ce mai accentuat despre avort, iar întrebările pe care le primim cu privire la acest subiect sunt din ce in ce mai prezente. Ținând cont de aceste situatii, Comitetul Executiv al Bisericii Adventiste de Ziua a Șaptea la nivel mondial a votat adoptarea documentului – Declarație cu privire &hellip; Continued
