{"version":"1.0","provider_name":"Conferinta Oltenia","provider_url":"https:\/\/adventistoltenia.ro\/site","author_name":"Marius Bratu","author_url":"https:\/\/adventistoltenia.ro\/site\/author\/petrenita\/","title":"Program Speran\u021ba TV - Conferinta Oltenia","type":"rich","width":600,"height":338,"html":"<blockquote class=\"wp-embedded-content\" data-secret=\"ygIXYqQeie\"><a href=\"https:\/\/adventistoltenia.ro\/site\/program-speranta-tv\/\">Program Speran\u021ba TV<\/a><\/blockquote><iframe sandbox=\"allow-scripts\" security=\"restricted\" src=\"https:\/\/adventistoltenia.ro\/site\/program-speranta-tv\/embed\/#?secret=ygIXYqQeie\" width=\"600\" height=\"338\" title=\"&#8220;Program Speran\u021ba TV&#8221; &#8212; Conferinta Oltenia\" data-secret=\"ygIXYqQeie\" frameborder=\"0\" marginwidth=\"0\" marginheight=\"0\" scrolling=\"no\" class=\"wp-embedded-content\"><\/iframe><script type=\"text\/javascript\">\n\/*! This file is auto-generated *\/\n!function(c,d){\"use strict\";var e=!1,o=!1;if(d.querySelector)if(c.addEventListener)e=!0;if(c.wp=c.wp||{},c.wp.receiveEmbedMessage);else if(c.wp.receiveEmbedMessage=function(e){var t=e.data;if(!t);else if(!(t.secret||t.message||t.value));else if(\/[^a-zA-Z0-9]\/.test(t.secret));else{for(var r,s,a,i=d.querySelectorAll('iframe[data-secret=\"'+t.secret+'\"]'),n=d.querySelectorAll('blockquote[data-secret=\"'+t.secret+'\"]'),o=new RegExp(\"^https?:$\",\"i\"),l=0;l<n.length;l++)n[l].style.display=\"none\";for(l=0;l<i.length;l++)if(r=i[l],e.source!==r.contentWindow);else{if(r.removeAttribute(\"style\"),\"height\"===t.message){if(1e3<(s=parseInt(t.value,10)))s=1e3;else if(~~s<200)s=200;r.height=s}if(\"link\"===t.message)if(s=d.createElement(\"a\"),a=d.createElement(\"a\"),s.href=r.getAttribute(\"src\"),a.href=t.value,!o.test(a.protocol));else if(a.host===s.host)if(d.activeElement===r)c.top.location.href=t.value}}},e)c.addEventListener(\"message\",c.wp.receiveEmbedMessage,!1),d.addEventListener(\"DOMContentLoaded\",t,!1),c.addEventListener(\"load\",t,!1);function t(){if(o);else{o=!0;for(var e,t,r,s=-1!==navigator.appVersion.indexOf(\"MSIE 10\"),a=!!navigator.userAgent.match(\/Trident.*rv:11\\.\/),i=d.querySelectorAll(\"iframe.wp-embedded-content\"),n=0;n<i.length;n++){if(!(r=(t=i[n]).getAttribute(\"data-secret\")))r=Math.random().toString(36).substr(2,10),t.src+=\"#?secret=\"+r,t.setAttribute(\"data-secret\",r);if(s||a)(e=t.cloneNode(!0)).removeAttribute(\"security\"),t.parentNode.replaceChild(e,t);t.contentWindow.postMessage({message:\"ready\",secret:r},\"*\")}}}}(window,document);\n<\/script>\n","thumbnail_url":"https:\/\/adventistoltenia.ro\/site\/wp-content\/uploads\/2020\/03\/436993249_780x439.jpg","thumbnail_width":780,"thumbnail_height":438,"description":"Av\u00e2nd \u00een vedere c\u0103 cei mai mul\u021bi credincio\u0219i adventi\u0219ti vor petrece Sabatul acas\u0103, \u00een familie, v\u0103 propunem s\u0103 urm\u0103ri\u021bi un program special oferit de Speran\u021ba tv \u0219i Radio Vocea Speran\u021bei. \u00cen aceast\u0103 sear\u0103, la ora 20.00, pute\u021bi urm\u0103ri un concert transmis de Speran\u021ba tv, iar de la 21.00, \u00een cadrul emisiunii \u201cJurnal de credin\u021b\u0103\u201d, Beatrice &hellip; Continued"}

Program Speranța TV - Conferinta Oltenia

<blockquote class="wp-embedded-content" data-secret="ygIXYqQeie"><a href="https://adventistoltenia.ro/site/program-speranta-tv/">Program Speranța TV</a></blockquote><iframe sandbox="allow-scripts" security="restricted" src="https://adventistoltenia.ro/site/program-speranta-tv/embed/#?secret=ygIXYqQeie" width="600" height="338" title="&#8220;Program Speranța TV&#8221; &#8212; Conferinta Oltenia" data-secret="ygIXYqQeie" frameborder="0" marginwidth="0" marginheight="0" scrolling="no" class="wp-embedded-content"></iframe><script type="text/javascript">
/*! This file is auto-generated */
!function(c,d){"use strict";var e=!1,o=!1;if(d.querySelector)if(c.addEventListener)e=!0;if(c.wp=c.wp||{},c.wp.receiveEmbedMessage);else if(c.wp.receiveEmbedMessage=function(e){var t=e.data;if(!t);else if(!(t.secret||t.message||t.value));else if(/[^a-zA-Z0-9]/.test(t.secret));else{for(var r,s,a,i=d.querySelectorAll('iframe[data-secret="'+t.secret+'"]'),n=d.querySelectorAll('blockquote[data-secret="'+t.secret+'"]'),o=new RegExp("^https?:$","i"),l=0;l<n.length;l++)n[l].style.display="none";for(l=0;l<i.length;l++)if(r=i[l],e.source!==r.contentWindow);else{if(r.removeAttribute("style"),"height"===t.message){if(1e3<(s=parseInt(t.value,10)))s=1e3;else if(~~s<200)s=200;r.height=s}if("link"===t.message)if(s=d.createElement("a"),a=d.createElement("a"),s.href=r.getAttribute("src"),a.href=t.value,!o.test(a.protocol));else if(a.host===s.host)if(d.activeElement===r)c.top.location.href=t.value}}},e)c.addEventListener("message",c.wp.receiveEmbedMessage,!1),d.addEventListener("DOMContentLoaded",t,!1),c.addEventListener("load",t,!1);function t(){if(o);else{o=!0;for(var e,t,r,s=-1!==navigator.appVersion.indexOf("MSIE 10"),a=!!navigator.userAgent.match(/Trident.*rv:11\./),i=d.querySelectorAll("iframe.wp-embedded-content"),n=0;n<i.length;n++){if(!(r=(t=i[n]).getAttribute("data-secret")))r=Math.random().toString(36).substr(2,10),t.src+="#?secret="+r,t.setAttribute("data-secret",r);if(s||a)(e=t.cloneNode(!0)).removeAttribute("security"),t.parentNode.replaceChild(e,t);t.contentWindow.postMessage({message:"ready",secret:r},"*")}}}}(window,document);
</script>

Având în vedere că cei mai mulți credincioși adventiști vor petrece Sabatul acasă, în familie, vă propunem să urmăriți un program special oferit de Speranța tv și Radio Vocea Speranței. În această seară, la ora 20.00, puteți urmări un concert transmis de Speranța tv, iar de la 21.00, în cadrul emisiunii “Jurnal de credință”, Beatrice &hellip; Continued
