{"version":"1.0","provider_name":"Conferinta Oltenia","provider_url":"https:\/\/adventistoltenia.ro\/site","author_name":"Conferinta Oltenia","author_url":"https:\/\/adventistoltenia.ro\/site\/author\/adm1n\/","title":"Sugestii de lectur\u0103 \u2013 Papii \u2013 istorie \u0219i secrete - Conferinta Oltenia","type":"rich","width":600,"height":338,"html":"<blockquote class=\"wp-embedded-content\" data-secret=\"oGgIK1Upbo\"><a href=\"https:\/\/adventistoltenia.ro\/site\/sugestii-de-lectura-papii-istorie-si-secrete\/\">Sugestii de lectur\u0103 \u2013 Papii \u2013 istorie \u0219i secrete<\/a><\/blockquote><iframe sandbox=\"allow-scripts\" security=\"restricted\" src=\"https:\/\/adventistoltenia.ro\/site\/sugestii-de-lectura-papii-istorie-si-secrete\/embed\/#?secret=oGgIK1Upbo\" width=\"600\" height=\"338\" title=\"&#8220;Sugestii de lectur\u0103 \u2013 Papii \u2013 istorie \u0219i secrete&#8221; &#8212; Conferinta Oltenia\" data-secret=\"oGgIK1Upbo\" frameborder=\"0\" marginwidth=\"0\" marginheight=\"0\" scrolling=\"no\" class=\"wp-embedded-content\"><\/iframe><script type=\"text\/javascript\">\n\/*! This file is auto-generated *\/\n!function(c,d){\"use strict\";var e=!1,o=!1;if(d.querySelector)if(c.addEventListener)e=!0;if(c.wp=c.wp||{},c.wp.receiveEmbedMessage);else if(c.wp.receiveEmbedMessage=function(e){var t=e.data;if(!t);else if(!(t.secret||t.message||t.value));else if(\/[^a-zA-Z0-9]\/.test(t.secret));else{for(var r,s,a,i=d.querySelectorAll('iframe[data-secret=\"'+t.secret+'\"]'),n=d.querySelectorAll('blockquote[data-secret=\"'+t.secret+'\"]'),o=new RegExp(\"^https?:$\",\"i\"),l=0;l<n.length;l++)n[l].style.display=\"none\";for(l=0;l<i.length;l++)if(r=i[l],e.source!==r.contentWindow);else{if(r.removeAttribute(\"style\"),\"height\"===t.message){if(1e3<(s=parseInt(t.value,10)))s=1e3;else if(~~s<200)s=200;r.height=s}if(\"link\"===t.message)if(s=d.createElement(\"a\"),a=d.createElement(\"a\"),s.href=r.getAttribute(\"src\"),a.href=t.value,!o.test(a.protocol));else if(a.host===s.host)if(d.activeElement===r)c.top.location.href=t.value}}},e)c.addEventListener(\"message\",c.wp.receiveEmbedMessage,!1),d.addEventListener(\"DOMContentLoaded\",t,!1),c.addEventListener(\"load\",t,!1);function t(){if(o);else{o=!0;for(var e,t,r,s=-1!==navigator.appVersion.indexOf(\"MSIE 10\"),a=!!navigator.userAgent.match(\/Trident.*rv:11\\.\/),i=d.querySelectorAll(\"iframe.wp-embedded-content\"),n=0;n<i.length;n++){if(!(r=(t=i[n]).getAttribute(\"data-secret\")))r=Math.random().toString(36).substr(2,10),t.src+=\"#?secret=\"+r,t.setAttribute(\"data-secret\",r);if(s||a)(e=t.cloneNode(!0)).removeAttribute(\"security\"),t.parentNode.replaceChild(e,t);t.contentWindow.postMessage({message:\"ready\",secret:r},\"*\")}}}}(window,document);\n<\/script>\n","description":"\u00cen lumea religioas\u0103 exist\u0103 o institu\u021bie care focalizeaz\u0103 aten\u021bia de aproape 2.000 de ani. Nu este de mirare c\u0103 \u0219i ast\u0103zi aten\u021bia omenirii este \u00eendreptat\u0103 spre aceast\u0103 institu\u021bie\u2026 PAPII \u2013 ISTORIE \u0218I SECRETE, de Claudio Rendina, Editura ALL, 2007\u2026 Claudio Rendina este istoric, critic de art\u0103, scriitor \u0219i jurnalist. Este pasionat de istoria \u201ecet\u0103\u021bii cet\u0103\u021bilor\u201d, &hellip; Continued"}

Sugestii de lectură – Papii – istorie și secrete - Conferinta Oltenia

<blockquote class="wp-embedded-content" data-secret="oGgIK1Upbo"><a href="https://adventistoltenia.ro/site/sugestii-de-lectura-papii-istorie-si-secrete/">Sugestii de lectură – Papii – istorie și secrete</a></blockquote><iframe sandbox="allow-scripts" security="restricted" src="https://adventistoltenia.ro/site/sugestii-de-lectura-papii-istorie-si-secrete/embed/#?secret=oGgIK1Upbo" width="600" height="338" title="&#8220;Sugestii de lectură – Papii – istorie și secrete&#8221; &#8212; Conferinta Oltenia" data-secret="oGgIK1Upbo" frameborder="0" marginwidth="0" marginheight="0" scrolling="no" class="wp-embedded-content"></iframe><script type="text/javascript">
/*! This file is auto-generated */
!function(c,d){"use strict";var e=!1,o=!1;if(d.querySelector)if(c.addEventListener)e=!0;if(c.wp=c.wp||{},c.wp.receiveEmbedMessage);else if(c.wp.receiveEmbedMessage=function(e){var t=e.data;if(!t);else if(!(t.secret||t.message||t.value));else if(/[^a-zA-Z0-9]/.test(t.secret));else{for(var r,s,a,i=d.querySelectorAll('iframe[data-secret="'+t.secret+'"]'),n=d.querySelectorAll('blockquote[data-secret="'+t.secret+'"]'),o=new RegExp("^https?:$","i"),l=0;l<n.length;l++)n[l].style.display="none";for(l=0;l<i.length;l++)if(r=i[l],e.source!==r.contentWindow);else{if(r.removeAttribute("style"),"height"===t.message){if(1e3<(s=parseInt(t.value,10)))s=1e3;else if(~~s<200)s=200;r.height=s}if("link"===t.message)if(s=d.createElement("a"),a=d.createElement("a"),s.href=r.getAttribute("src"),a.href=t.value,!o.test(a.protocol));else if(a.host===s.host)if(d.activeElement===r)c.top.location.href=t.value}}},e)c.addEventListener("message",c.wp.receiveEmbedMessage,!1),d.addEventListener("DOMContentLoaded",t,!1),c.addEventListener("load",t,!1);function t(){if(o);else{o=!0;for(var e,t,r,s=-1!==navigator.appVersion.indexOf("MSIE 10"),a=!!navigator.userAgent.match(/Trident.*rv:11\./),i=d.querySelectorAll("iframe.wp-embedded-content"),n=0;n<i.length;n++){if(!(r=(t=i[n]).getAttribute("data-secret")))r=Math.random().toString(36).substr(2,10),t.src+="#?secret="+r,t.setAttribute("data-secret",r);if(s||a)(e=t.cloneNode(!0)).removeAttribute("security"),t.parentNode.replaceChild(e,t);t.contentWindow.postMessage({message:"ready",secret:r},"*")}}}}(window,document);
</script>

În lumea religioasă există o instituție care focalizează atenția de aproape 2.000 de ani. Nu este de mirare că și astăzi atenția omenirii este îndreptată spre această instituție… PAPII – ISTORIE ȘI SECRETE, de Claudio Rendina, Editura ALL, 2007… Claudio Rendina este istoric, critic de artă, scriitor și jurnalist. Este pasionat de istoria „cetății cetăților”, &hellip; Continued
