{"id":1414,"date":"2017-08-24T08:24:12","date_gmt":"2017-08-24T08:24:12","guid":{"rendered":"http:\/\/adventistoltenia.ro\/site\/?page_id=1414"},"modified":"2025-03-12T07:19:57","modified_gmt":"2025-03-12T07:19:57","slug":"tineret-2","status":"publish","type":"page","link":"https:\/\/adventistoltenia.ro\/site\/tineret-2\/","title":{"rendered":"Tineret"},"content":{"rendered":"<h2 style=\"text-align: left;\" align=\"center\"><b>Prezentare Departamentul Tineret<br \/>\n<\/b><\/h2>\n<p>Scopul principal al lucr\u0103rii de tineret este m\u00e2ntuirea tinerilor prin Isus Hristos \u00cen\u0163elegem prin lucrarea de tineret acea lucrare a bisericii realizat\u0103 pentru, cu \u015fi de c\u0103tre tineri. Lucrarea de tineret a bisericii noastre se adreseaz\u0103\u00a0 nevoilor copiilor \u015fi tinerilor, de la v\u00e2rsta \u015fcolii elementare p\u00e2n\u0103 la circa 30 de ani.<\/p>\n<h3><strong>Sarcina noastr\u0103 este: <\/strong><\/h3>\n<ul>\n<li>a-i conduce pe tineri s\u0103-\u015fi \u00een\u0163eleag\u0103 valoarea personal\u0103, s\u0103-\u015fi descopere darurile spirituale \u015fi capacit\u0103\u0163ile.<\/li>\n<li>a-i echipa \u015fi a-i autoriza pe tineri pentru o via\u0163\u0103 de slujire \u00een biserica lui Dumnezeu \u015fi \u00een comunitatea social\u0103 \u00een care tr\u0103iesc.<\/li>\n<li>a asigura integrarea tinerilor \u00een toate domeniile vie\u0163ii bisericii \u015fi ale conducerii acesteia. Pentru ca ei s\u0103 poat\u0103 participa pe deplin la misiunea bisericii.<\/li>\n<\/ul>\n<h3><strong>Pentru a ne \u00eendeplini sarcina:<\/strong><\/h3>\n<ul>\n<li>Vom desf\u0103\u015fura o lucrare echilibrat\u0103 , \u00eencorpor\u00e2nd dinamica biblic\u0103 a p\u0103rt\u0103\u015fiei, cre\u015fterii, \u00eenchin\u0103rii \u015fi misiunii.<\/li>\n<li>Vom urm\u0103ri permanent ca lucrarea s\u0103 r\u0103m\u00e2n\u0103 relevant\u0103 \u015fi eficient\u0103, adapt\u00e2nd toate celelalte lucr\u0103ri la nevoile tinerilor. Este imperativ s\u0103 ascult\u0103m \u015fi s\u0103 fim informa\u0163i despre percep\u0163iile , preocup\u0103rile \u015fi sugestiile lor. Lucrarea eficient\u0103 devin posibil\u0103 \u00eentr-o atmosfer\u0103 de dragoste, acceptare \u015fi iertare.<\/li>\n<li>Vom desf\u0103\u015fura continuu proiecte de cercetare, pentru a descoperii domeniile care necesit\u0103 aten\u0163ie. Suntem deschi\u015fi fa\u0163\u0103 de experimentele de inovare \u00een programele noastre, pentru c\u0103 cunoa\u015ftem natura schimb\u0103toare a tineretului de ast\u0103zi.<\/li>\n<li>Ne vom inspira din Cuv\u00e2ntul lui Dumnezeu \u015fi din istoria noastr\u0103 \u015fi vom avea credin\u0163\u0103 \u00een Dumnezeu pentru viitor. Filosofia noastr\u0103 \u00ee\u015fi va g\u0103si exprimarea \u00eentr-o larg\u0103 varietate de stiluri de programe aprobate de Dumnezeu.<\/li>\n<li>Vom efectua evalu\u0103ri periodice , pentru a asigura atingerea scopului nostru principal.<\/li>\n<\/ul>\n<p>Biserica Adventist\u0103 de Ziua a \u015eaptea din Rom\u00e2nia a dezvoltat patru asocia\u0163ii pentru copii \u015fi tineri ce sus\u0163in programe adaptate v\u00e2rstelor celor c\u0103rora se adreseaz\u0103:<\/p>\n<ul>\n<li>Licurici \u2013 clasele I-IV<\/li>\n<li>Exploratori \u2013 clasele V-VIII<\/li>\n<li>Companioni \u2013 clasele IX-XII<\/li>\n<li>Seniori sau \u201e20 +\u201d \u2013 19-30 de ani<\/li>\n<\/ul>\n<p>&nbsp;<\/p>\n ","protected":false},"excerpt":{"rendered":"<p>Prezentare Departamentul Tineret Scopul principal al lucr\u0103rii de tineret este m\u00e2ntuirea tinerilor prin Isus Hristos \u00cen\u0163elegem prin lucrarea de tineret acea lucrare a bisericii realizat\u0103 pentru, cu \u015fi de c\u0103tre tineri. Lucrarea de tineret a bisericii noastre se adreseaz\u0103\u00a0 nevoilor copiilor \u015fi tinerilor, de la v\u00e2rsta \u015fcolii elementare p\u00e2n\u0103 la circa 30 de ani. Sarcina &hellip; <a href=\"https:\/\/adventistoltenia.ro\/site\/tineret-2\/\">Continued<\/a><\/p>\n","protected":false},"author":4,"featured_media":0,"parent":0,"menu_order":0,"comment_status":"closed","ping_status":"closed","template":"","meta":[],"yoast_head":"<!-- This site is optimized with the Yoast SEO plugin v20.3 - https:\/\/yoast.com\/wordpress\/plugins\/seo\/ -->\n<title>Tineret - Conferinta Oltenia<\/title>\n<meta name=\"robots\" content=\"index, follow, max-snippet:-1, max-image-preview:large, max-video-preview:-1\" \/>\n<link rel=\"canonical\" href=\"https:\/\/adventistoltenia.ro\/site\/tineret-2\/\" \/>\n<meta property=\"og:locale\" content=\"en_US\" \/>\n<meta property=\"og:type\" content=\"article\" \/>\n<meta property=\"og:title\" content=\"Tineret - Conferinta Oltenia\" \/>\n<meta property=\"og:description\" content=\"Prezentare Departamentul Tineret Scopul principal al lucr\u0103rii de tineret este m\u00e2ntuirea tinerilor prin Isus Hristos \u00cen\u0163elegem prin lucrarea de tineret acea lucrare a bisericii realizat\u0103 pentru, cu \u015fi de c\u0103tre tineri. Lucrarea de tineret a bisericii noastre se adreseaz\u0103\u00a0 nevoilor copiilor \u015fi tinerilor, de la v\u00e2rsta \u015fcolii elementare p\u00e2n\u0103 la circa 30 de ani. Sarcina &hellip; Continued\" \/>\n<meta property=\"og:url\" content=\"https:\/\/adventistoltenia.ro\/site\/tineret-2\/\" \/>\n<meta property=\"og:site_name\" content=\"Conferinta Oltenia\" \/>\n<meta property=\"article:modified_time\" content=\"2025-03-12T07:19:57+00:00\" \/>\n<meta name=\"twitter:card\" content=\"summary_large_image\" \/>\n<meta name=\"twitter:label1\" content=\"Est. reading time\" \/>\n\t<meta name=\"twitter:data1\" content=\"2 minutes\" \/>\n<script type=\"application\/ld+json\" class=\"yoast-schema-graph\">{\"@context\":\"https:\/\/schema.org\",\"@graph\":[{\"@type\":\"WebPage\",\"@id\":\"https:\/\/adventistoltenia.ro\/site\/tineret-2\/\",\"url\":\"https:\/\/adventistoltenia.ro\/site\/tineret-2\/\",\"name\":\"Tineret - Conferinta Oltenia\",\"isPartOf\":{\"@id\":\"https:\/\/adventistoltenia.ro\/site\/#website\"},\"datePublished\":\"2017-08-24T08:24:12+00:00\",\"dateModified\":\"2025-03-12T07:19:57+00:00\",\"breadcrumb\":{\"@id\":\"https:\/\/adventistoltenia.ro\/site\/tineret-2\/#breadcrumb\"},\"inLanguage\":\"en-US\",\"potentialAction\":[{\"@type\":\"ReadAction\",\"target\":[\"https:\/\/adventistoltenia.ro\/site\/tineret-2\/\"]}]},{\"@type\":\"BreadcrumbList\",\"@id\":\"https:\/\/adventistoltenia.ro\/site\/tineret-2\/#breadcrumb\",\"itemListElement\":[{\"@type\":\"ListItem\",\"position\":1,\"name\":\"Home\",\"item\":\"https:\/\/adventistoltenia.ro\/site\/\"},{\"@type\":\"ListItem\",\"position\":2,\"name\":\"Tineret\"}]},{\"@type\":\"WebSite\",\"@id\":\"https:\/\/adventistoltenia.ro\/site\/#website\",\"url\":\"https:\/\/adventistoltenia.ro\/site\/\",\"name\":\"Conferinta Oltenia\",\"description\":\"Biserica Adventista de Ziua a Saptea\",\"potentialAction\":[{\"@type\":\"SearchAction\",\"target\":{\"@type\":\"EntryPoint\",\"urlTemplate\":\"https:\/\/adventistoltenia.ro\/site\/?s={search_term_string}\"},\"query-input\":\"required name=search_term_string\"}],\"inLanguage\":\"en-US\"}]}<\/script>\n<!-- \/ Yoast SEO plugin. -->","yoast_head_json":{"title":"Tineret - Conferinta Oltenia","robots":{"index":"index","follow":"follow","max-snippet":"max-snippet:-1","max-image-preview":"max-image-preview:large","max-video-preview":"max-video-preview:-1"},"canonical":"https:\/\/adventistoltenia.ro\/site\/tineret-2\/","og_locale":"en_US","og_type":"article","og_title":"Tineret - Conferinta Oltenia","og_description":"Prezentare Departamentul Tineret Scopul principal al lucr\u0103rii de tineret este m\u00e2ntuirea tinerilor prin Isus Hristos \u00cen\u0163elegem prin lucrarea de tineret acea lucrare a bisericii realizat\u0103 pentru, cu \u015fi de c\u0103tre tineri. Lucrarea de tineret a bisericii noastre se adreseaz\u0103\u00a0 nevoilor copiilor \u015fi tinerilor, de la v\u00e2rsta \u015fcolii elementare p\u00e2n\u0103 la circa 30 de ani. Sarcina &hellip; Continued","og_url":"https:\/\/adventistoltenia.ro\/site\/tineret-2\/","og_site_name":"Conferinta Oltenia","article_modified_time":"2025-03-12T07:19:57+00:00","twitter_card":"summary_large_image","twitter_misc":{"Est. reading time":"2 minutes"},"schema":{"@context":"https:\/\/schema.org","@graph":[{"@type":"WebPage","@id":"https:\/\/adventistoltenia.ro\/site\/tineret-2\/","url":"https:\/\/adventistoltenia.ro\/site\/tineret-2\/","name":"Tineret - Conferinta Oltenia","isPartOf":{"@id":"https:\/\/adventistoltenia.ro\/site\/#website"},"datePublished":"2017-08-24T08:24:12+00:00","dateModified":"2025-03-12T07:19:57+00:00","breadcrumb":{"@id":"https:\/\/adventistoltenia.ro\/site\/tineret-2\/#breadcrumb"},"inLanguage":"en-US","potentialAction":[{"@type":"ReadAction","target":["https:\/\/adventistoltenia.ro\/site\/tineret-2\/"]}]},{"@type":"BreadcrumbList","@id":"https:\/\/adventistoltenia.ro\/site\/tineret-2\/#breadcrumb","itemListElement":[{"@type":"ListItem","position":1,"name":"Home","item":"https:\/\/adventistoltenia.ro\/site\/"},{"@type":"ListItem","position":2,"name":"Tineret"}]},{"@type":"WebSite","@id":"https:\/\/adventistoltenia.ro\/site\/#website","url":"https:\/\/adventistoltenia.ro\/site\/","name":"Conferinta Oltenia","description":"Biserica Adventista de Ziua a Saptea","potentialAction":[{"@type":"SearchAction","target":{"@type":"EntryPoint","urlTemplate":"https:\/\/adventistoltenia.ro\/site\/?s={search_term_string}"},"query-input":"required name=search_term_string"}],"inLanguage":"en-US"}]}},"_links":{"self":[{"href":"https:\/\/adventistoltenia.ro\/site\/wp-json\/wp\/v2\/pages\/1414"}],"collection":[{"href":"https:\/\/adventistoltenia.ro\/site\/wp-json\/wp\/v2\/pages"}],"about":[{"href":"https:\/\/adventistoltenia.ro\/site\/wp-json\/wp\/v2\/types\/page"}],"author":[{"embeddable":true,"href":"https:\/\/adventistoltenia.ro\/site\/wp-json\/wp\/v2\/users\/4"}],"replies":[{"embeddable":true,"href":"https:\/\/adventistoltenia.ro\/site\/wp-json\/wp\/v2\/comments?post=1414"}],"version-history":[{"count":4,"href":"https:\/\/adventistoltenia.ro\/site\/wp-json\/wp\/v2\/pages\/1414\/revisions"}],"predecessor-version":[{"id":3702,"href":"https:\/\/adventistoltenia.ro\/site\/wp-json\/wp\/v2\/pages\/1414\/revisions\/3702"}],"wp:attachment":[{"href":"https:\/\/adventistoltenia.ro\/site\/wp-json\/wp\/v2\/media?parent=1414"}],"curies":[{"name":"wp","href":"https:\/\/api.w.org\/{rel}","templated":true}]}}