{"id":1450,"date":"2017-08-24T08:47:07","date_gmt":"2017-08-24T08:47:07","guid":{"rendered":"http:\/\/adventistoltenia.ro\/site\/?page_id=1450"},"modified":"2025-03-12T07:15:57","modified_gmt":"2025-03-12T07:15:57","slug":"familie","status":"publish","type":"page","link":"https:\/\/adventistoltenia.ro\/site\/familie\/","title":{"rendered":"Familie"},"content":{"rendered":"<p><strong>Obiectivul principal al Departamentului Via\u0163a de familie este s\u0103 \u00eent\u0103reasc\u0103 familia pentru a deveni un centru de promovare a uceniciei.<\/strong><\/p>\n<p>Familia a fost \u00eentemeiat\u0103 de Dumnezeu la crea\u0163iune ca institu\u0163ie uman\u0103 fundamental\u0103. Ea formeaz\u0103 cel dint\u00e2i cadru \u00een care sunt \u00eensu\u015fite valorile \u015fi \u00een care se dezvolt\u0103 capacitatea stabilirii de rela\u0163ii apropiate cu Dumnezeu \u015fi cu celelalte fiin\u0163e umane.<\/p>\n<p>Departamentul Via\u0163a de familie este o lucrare a harului care recunoa\u015fte \u00eenv\u0103\u0163\u0103turile biblice privitoare la familie ca fiind normative \u015fi \u00eenal\u0163\u0103 idealurile lui Dumnezeu cu privire la via\u0163a de familie. \u00cen acela\u015fi timp, aceast\u0103 lucrare contribuie la \u00een\u0163elegerea experien\u0163elor marcante ale indivizilor \u015fi familiilor din aceast\u0103 lume dec\u0103zut\u0103. Astfel, Departamentul Via\u0163a de familie are ca obiectiv s\u0103 ajute familiile s\u0103 \u00eenainteze spre idealurile divine, \u00een timp ce contribuie la r\u0103sp\u00e2ndirea Evangheliei harului m\u00e2ntuitor al lui Dumnezeu \u015fi a f\u0103g\u0103duin\u0163ei dezvolt\u0103rii prin locuirea l\u0103untric\u0103 a Duhului Sf\u00e2nt.<\/p>\n<p>Departamentul Via\u0163a de familie se concentreaz\u0103 pe rela\u0163iile dintre oameni. Este preocupat de nevoile cuplurilor c\u0103s\u0103torite, de nevoile p\u0103rin\u0163ilor \u015fi copiilor, de nevoile familiei, ale celor nec\u0103s\u0103tori\u0163i \u015fi ale tuturor membrilor cercului mai larg al familiei, \u00een condi\u0163iile trecerii acestora prin etapele previzibile de dezvoltare \u015fi ale luptei cu schimb\u0103rile nea\u015fteptate din via\u0163\u0103.<\/p>\n<h3>Departamentul Via\u0163a de familie \u00eent\u0103re\u015fte \u015fi \u00eencurajeaz\u0103 familiile s\u0103n\u0103toase.<\/h3>\n<p>Responsabilii acestui departament ajut\u0103 la construirea \u015fi men\u0163inerea unor rela\u0163ii de familie puternice, deoarece recunoa\u015fte c\u0103 familiile cre\u015ftine s\u0103n\u0103toase produc membri puternici pentru \u00cemp\u0103r\u0103\u0163ia lui Dumnezeu \u015fi constituie o m\u0103rturie atr\u0103g\u0103toare pentru societate. Departamentul Via\u0163a de familie promoveaz\u0103 \u00een\u0163elegerea, acceptarea \u015fi dragostea \u00een interiorul familiei \u015fi \u00een familia l\u0103rgit\u0103 a lui Dumnezeu \u015fi \u00eencurajeaz\u0103 reconcilierea \u015fi vindecarea conflictului dintre genera\u0163ii, promise \u00een solia lui Ilie din Maleahi 4,5.6. El ofer\u0103 speran\u0163\u0103 \u015fi sprijin celor r\u0103ni\u0163i prin abuz, din cauza familiilor dezbinate \u015fi a rela\u0163iilor rupte. Departamentul Via\u0163a de familie cultiv\u0103 competen\u0163a \u015fi priceperea \u00een diverse domenii necesare \u00een rela\u0163iile interpersonale.<\/p>\n<p>Departamentul ofer\u0103 ocazii de dezvoltare prin educarea \u015fi \u00eembog\u0103\u0163irea vie\u0163ii de familie. El \u00eencurajeaz\u0103 indivizii, cuplurile c\u0103s\u0103torite \u015fi familiile, ca atunci c\u00e2nd este necesar, s\u0103 recurg\u0103 la serviciile de consiliere.<\/p>\n<p>O slujire corespunz\u0103toare a familiei trebuie s\u0103 cuprind\u0103: consiliere premarital\u0103 pentru toate cuplurile \u00eenainte de c\u0103s\u0103torie; ocazii pentru \u00eent\u0103rirea vie\u0163ii de familie: educarea p\u0103rin\u0163ilor, \u00een special pentru cei r\u0103ma\u015fi v\u0103duvi \u015fi a familiilor cu p\u0103rin\u0163i vitregi; instruirea familiei pentru evanghelizare \u00een familie \u015fi constituirea de familii\u2011suport pentru a le ajuta pe cele cu nevoi speciale.<\/p>\n ","protected":false},"excerpt":{"rendered":"<p>Obiectivul principal al Departamentului Via\u0163a de familie este s\u0103 \u00eent\u0103reasc\u0103 familia pentru a deveni un centru de promovare a uceniciei. Familia a fost \u00eentemeiat\u0103 de Dumnezeu la crea\u0163iune ca institu\u0163ie uman\u0103 fundamental\u0103. Ea formeaz\u0103 cel dint\u00e2i cadru \u00een care sunt \u00eensu\u015fite valorile \u015fi \u00een care se dezvolt\u0103 capacitatea stabilirii de rela\u0163ii apropiate cu Dumnezeu \u015fi &hellip; <a href=\"https:\/\/adventistoltenia.ro\/site\/familie\/\">Continued<\/a><\/p>\n","protected":false},"author":4,"featured_media":0,"parent":0,"menu_order":0,"comment_status":"closed","ping_status":"closed","template":"","meta":[],"yoast_head":"<!-- This site is optimized with the Yoast SEO plugin v20.3 - https:\/\/yoast.com\/wordpress\/plugins\/seo\/ -->\n<title>Familie - Conferinta Oltenia<\/title>\n<meta name=\"robots\" content=\"index, follow, max-snippet:-1, max-image-preview:large, max-video-preview:-1\" \/>\n<link rel=\"canonical\" href=\"https:\/\/adventistoltenia.ro\/site\/familie\/\" \/>\n<meta property=\"og:locale\" content=\"en_US\" \/>\n<meta property=\"og:type\" content=\"article\" \/>\n<meta property=\"og:title\" content=\"Familie - Conferinta Oltenia\" \/>\n<meta property=\"og:description\" content=\"Obiectivul principal al Departamentului Via\u0163a de familie este s\u0103 \u00eent\u0103reasc\u0103 familia pentru a deveni un centru de promovare a uceniciei. Familia a fost \u00eentemeiat\u0103 de Dumnezeu la crea\u0163iune ca institu\u0163ie uman\u0103 fundamental\u0103. Ea formeaz\u0103 cel dint\u00e2i cadru \u00een care sunt \u00eensu\u015fite valorile \u015fi \u00een care se dezvolt\u0103 capacitatea stabilirii de rela\u0163ii apropiate cu Dumnezeu \u015fi &hellip; Continued\" \/>\n<meta property=\"og:url\" content=\"https:\/\/adventistoltenia.ro\/site\/familie\/\" \/>\n<meta property=\"og:site_name\" content=\"Conferinta Oltenia\" \/>\n<meta property=\"article:modified_time\" content=\"2025-03-12T07:15:57+00:00\" \/>\n<meta name=\"twitter:card\" content=\"summary_large_image\" \/>\n<meta name=\"twitter:label1\" content=\"Est. reading time\" \/>\n\t<meta name=\"twitter:data1\" content=\"2 minutes\" \/>\n<script type=\"application\/ld+json\" class=\"yoast-schema-graph\">{\"@context\":\"https:\/\/schema.org\",\"@graph\":[{\"@type\":\"WebPage\",\"@id\":\"https:\/\/adventistoltenia.ro\/site\/familie\/\",\"url\":\"https:\/\/adventistoltenia.ro\/site\/familie\/\",\"name\":\"Familie - Conferinta Oltenia\",\"isPartOf\":{\"@id\":\"https:\/\/adventistoltenia.ro\/site\/#website\"},\"datePublished\":\"2017-08-24T08:47:07+00:00\",\"dateModified\":\"2025-03-12T07:15:57+00:00\",\"breadcrumb\":{\"@id\":\"https:\/\/adventistoltenia.ro\/site\/familie\/#breadcrumb\"},\"inLanguage\":\"en-US\",\"potentialAction\":[{\"@type\":\"ReadAction\",\"target\":[\"https:\/\/adventistoltenia.ro\/site\/familie\/\"]}]},{\"@type\":\"BreadcrumbList\",\"@id\":\"https:\/\/adventistoltenia.ro\/site\/familie\/#breadcrumb\",\"itemListElement\":[{\"@type\":\"ListItem\",\"position\":1,\"name\":\"Home\",\"item\":\"https:\/\/adventistoltenia.ro\/site\/\"},{\"@type\":\"ListItem\",\"position\":2,\"name\":\"Familie\"}]},{\"@type\":\"WebSite\",\"@id\":\"https:\/\/adventistoltenia.ro\/site\/#website\",\"url\":\"https:\/\/adventistoltenia.ro\/site\/\",\"name\":\"Conferinta Oltenia\",\"description\":\"Biserica Adventista de Ziua a Saptea\",\"potentialAction\":[{\"@type\":\"SearchAction\",\"target\":{\"@type\":\"EntryPoint\",\"urlTemplate\":\"https:\/\/adventistoltenia.ro\/site\/?s={search_term_string}\"},\"query-input\":\"required name=search_term_string\"}],\"inLanguage\":\"en-US\"}]}<\/script>\n<!-- \/ Yoast SEO plugin. -->","yoast_head_json":{"title":"Familie - Conferinta Oltenia","robots":{"index":"index","follow":"follow","max-snippet":"max-snippet:-1","max-image-preview":"max-image-preview:large","max-video-preview":"max-video-preview:-1"},"canonical":"https:\/\/adventistoltenia.ro\/site\/familie\/","og_locale":"en_US","og_type":"article","og_title":"Familie - Conferinta Oltenia","og_description":"Obiectivul principal al Departamentului Via\u0163a de familie este s\u0103 \u00eent\u0103reasc\u0103 familia pentru a deveni un centru de promovare a uceniciei. Familia a fost \u00eentemeiat\u0103 de Dumnezeu la crea\u0163iune ca institu\u0163ie uman\u0103 fundamental\u0103. Ea formeaz\u0103 cel dint\u00e2i cadru \u00een care sunt \u00eensu\u015fite valorile \u015fi \u00een care se dezvolt\u0103 capacitatea stabilirii de rela\u0163ii apropiate cu Dumnezeu \u015fi &hellip; Continued","og_url":"https:\/\/adventistoltenia.ro\/site\/familie\/","og_site_name":"Conferinta Oltenia","article_modified_time":"2025-03-12T07:15:57+00:00","twitter_card":"summary_large_image","twitter_misc":{"Est. reading time":"2 minutes"},"schema":{"@context":"https:\/\/schema.org","@graph":[{"@type":"WebPage","@id":"https:\/\/adventistoltenia.ro\/site\/familie\/","url":"https:\/\/adventistoltenia.ro\/site\/familie\/","name":"Familie - Conferinta Oltenia","isPartOf":{"@id":"https:\/\/adventistoltenia.ro\/site\/#website"},"datePublished":"2017-08-24T08:47:07+00:00","dateModified":"2025-03-12T07:15:57+00:00","breadcrumb":{"@id":"https:\/\/adventistoltenia.ro\/site\/familie\/#breadcrumb"},"inLanguage":"en-US","potentialAction":[{"@type":"ReadAction","target":["https:\/\/adventistoltenia.ro\/site\/familie\/"]}]},{"@type":"BreadcrumbList","@id":"https:\/\/adventistoltenia.ro\/site\/familie\/#breadcrumb","itemListElement":[{"@type":"ListItem","position":1,"name":"Home","item":"https:\/\/adventistoltenia.ro\/site\/"},{"@type":"ListItem","position":2,"name":"Familie"}]},{"@type":"WebSite","@id":"https:\/\/adventistoltenia.ro\/site\/#website","url":"https:\/\/adventistoltenia.ro\/site\/","name":"Conferinta Oltenia","description":"Biserica Adventista de Ziua a Saptea","potentialAction":[{"@type":"SearchAction","target":{"@type":"EntryPoint","urlTemplate":"https:\/\/adventistoltenia.ro\/site\/?s={search_term_string}"},"query-input":"required name=search_term_string"}],"inLanguage":"en-US"}]}},"_links":{"self":[{"href":"https:\/\/adventistoltenia.ro\/site\/wp-json\/wp\/v2\/pages\/1450"}],"collection":[{"href":"https:\/\/adventistoltenia.ro\/site\/wp-json\/wp\/v2\/pages"}],"about":[{"href":"https:\/\/adventistoltenia.ro\/site\/wp-json\/wp\/v2\/types\/page"}],"author":[{"embeddable":true,"href":"https:\/\/adventistoltenia.ro\/site\/wp-json\/wp\/v2\/users\/4"}],"replies":[{"embeddable":true,"href":"https:\/\/adventistoltenia.ro\/site\/wp-json\/wp\/v2\/comments?post=1450"}],"version-history":[{"count":2,"href":"https:\/\/adventistoltenia.ro\/site\/wp-json\/wp\/v2\/pages\/1450\/revisions"}],"predecessor-version":[{"id":3694,"href":"https:\/\/adventistoltenia.ro\/site\/wp-json\/wp\/v2\/pages\/1450\/revisions\/3694"}],"wp:attachment":[{"href":"https:\/\/adventistoltenia.ro\/site\/wp-json\/wp\/v2\/media?parent=1450"}],"curies":[{"name":"wp","href":"https:\/\/api.w.org\/{rel}","templated":true}]}}