{"id":1474,"date":"2017-08-24T08:58:40","date_gmt":"2017-08-24T08:58:40","guid":{"rendered":"http:\/\/adventistoltenia.ro\/site\/?page_id=1474"},"modified":"2025-03-12T07:14:59","modified_gmt":"2025-03-12T07:14:59","slug":"asociatia-pastorala","status":"publish","type":"page","link":"https:\/\/adventistoltenia.ro\/site\/asociatia-pastorala\/","title":{"rendered":"Asocia\u021bia pastoral\u0103"},"content":{"rendered":"<p>Asocia\u0163ia Pastoral\u0103 \u00ee\u015fi propune prin activit\u0103tile ei s\u0103 \u00eei ajute pe pastori \u00een dezvoltarea personal\u0103, consiliere \u015fi sf\u0103tuire, \u00eei conduce la o rela\u0163ie vie cu Dumnezeu\u00a0\u015fi la un sim\u0163\u0103m\u00e2nt mai puternic al valorii de sine, le \u00eent\u0103re\u015fte autoritatea \u00een teritoriu \u015fi credin\u0163a \u00een vremuri de conflict \u015fi dispute doctrinale. Faciliteaz\u0103 c\u00e2\u015ftigarea de suflete, hr\u0103nirea \u015fi instruirea lor. Promoveaz\u0103 \u00een r\u00e2ndul pastorilor proiecte \u015fi metode care ajut\u0103 la vestirea adev\u0103rului m\u00e2ntuitor \u015fi aducerea roadelor \u00een hambarul ceresc.<\/p>\n<p>De asemenea, acest departament\u00a0sprijin\u0103 \u015fi ajut\u0103 so\u0163iile de pastori \u00een \u00eemplinirea lucr\u0103rii lor al\u0103turi de\u00a0so\u0163ii lor\u00a0\u015fi ofer\u0103 mijloacele necesare \u00een \u00eendeplinirea rolului lor de colaboratoare \u00een lucrare. Departamentul are \u00een aten\u0163ie \u00eentreaga familie pastoral\u0103 pentru a o echipa cu toate mijloacele necesare \u00een vederea unei slujiri eficiente.<\/p>\n ","protected":false},"excerpt":{"rendered":"<p>Asocia\u0163ia Pastoral\u0103 \u00ee\u015fi propune prin activit\u0103tile ei s\u0103 \u00eei ajute pe pastori \u00een dezvoltarea personal\u0103, consiliere \u015fi sf\u0103tuire, \u00eei conduce la o rela\u0163ie vie cu Dumnezeu\u00a0\u015fi la un sim\u0163\u0103m\u00e2nt mai puternic al valorii de sine, le \u00eent\u0103re\u015fte autoritatea \u00een teritoriu \u015fi credin\u0163a \u00een vremuri de conflict \u015fi dispute doctrinale. Faciliteaz\u0103 c\u00e2\u015ftigarea de suflete, hr\u0103nirea \u015fi &hellip; <a href=\"https:\/\/adventistoltenia.ro\/site\/asociatia-pastorala\/\">Continued<\/a><\/p>\n","protected":false},"author":4,"featured_media":0,"parent":0,"menu_order":0,"comment_status":"closed","ping_status":"closed","template":"","meta":[],"yoast_head":"<!-- This site is optimized with the Yoast SEO plugin v20.3 - https:\/\/yoast.com\/wordpress\/plugins\/seo\/ -->\n<title>Asocia\u021bia pastoral\u0103 - Conferinta Oltenia<\/title>\n<meta name=\"robots\" content=\"index, follow, max-snippet:-1, max-image-preview:large, max-video-preview:-1\" \/>\n<link rel=\"canonical\" href=\"https:\/\/adventistoltenia.ro\/site\/asociatia-pastorala\/\" \/>\n<meta property=\"og:locale\" content=\"en_US\" \/>\n<meta property=\"og:type\" content=\"article\" \/>\n<meta property=\"og:title\" content=\"Asocia\u021bia pastoral\u0103 - Conferinta Oltenia\" \/>\n<meta property=\"og:description\" content=\"Asocia\u0163ia Pastoral\u0103 \u00ee\u015fi propune prin activit\u0103tile ei s\u0103 \u00eei ajute pe pastori \u00een dezvoltarea personal\u0103, consiliere \u015fi sf\u0103tuire, \u00eei conduce la o rela\u0163ie vie cu Dumnezeu\u00a0\u015fi la un sim\u0163\u0103m\u00e2nt mai puternic al valorii de sine, le \u00eent\u0103re\u015fte autoritatea \u00een teritoriu \u015fi credin\u0163a \u00een vremuri de conflict \u015fi dispute doctrinale. Faciliteaz\u0103 c\u00e2\u015ftigarea de suflete, hr\u0103nirea \u015fi &hellip; Continued\" \/>\n<meta property=\"og:url\" content=\"https:\/\/adventistoltenia.ro\/site\/asociatia-pastorala\/\" \/>\n<meta property=\"og:site_name\" content=\"Conferinta Oltenia\" \/>\n<meta property=\"article:modified_time\" content=\"2025-03-12T07:14:59+00:00\" \/>\n<meta name=\"twitter:card\" content=\"summary_large_image\" \/>\n<meta name=\"twitter:label1\" content=\"Est. reading time\" \/>\n\t<meta name=\"twitter:data1\" content=\"1 minute\" \/>\n<script type=\"application\/ld+json\" class=\"yoast-schema-graph\">{\"@context\":\"https:\/\/schema.org\",\"@graph\":[{\"@type\":\"WebPage\",\"@id\":\"https:\/\/adventistoltenia.ro\/site\/asociatia-pastorala\/\",\"url\":\"https:\/\/adventistoltenia.ro\/site\/asociatia-pastorala\/\",\"name\":\"Asocia\u021bia pastoral\u0103 - Conferinta Oltenia\",\"isPartOf\":{\"@id\":\"https:\/\/adventistoltenia.ro\/site\/#website\"},\"datePublished\":\"2017-08-24T08:58:40+00:00\",\"dateModified\":\"2025-03-12T07:14:59+00:00\",\"breadcrumb\":{\"@id\":\"https:\/\/adventistoltenia.ro\/site\/asociatia-pastorala\/#breadcrumb\"},\"inLanguage\":\"en-US\",\"potentialAction\":[{\"@type\":\"ReadAction\",\"target\":[\"https:\/\/adventistoltenia.ro\/site\/asociatia-pastorala\/\"]}]},{\"@type\":\"BreadcrumbList\",\"@id\":\"https:\/\/adventistoltenia.ro\/site\/asociatia-pastorala\/#breadcrumb\",\"itemListElement\":[{\"@type\":\"ListItem\",\"position\":1,\"name\":\"Home\",\"item\":\"https:\/\/adventistoltenia.ro\/site\/\"},{\"@type\":\"ListItem\",\"position\":2,\"name\":\"Asocia\u021bia pastoral\u0103\"}]},{\"@type\":\"WebSite\",\"@id\":\"https:\/\/adventistoltenia.ro\/site\/#website\",\"url\":\"https:\/\/adventistoltenia.ro\/site\/\",\"name\":\"Conferinta Oltenia\",\"description\":\"Biserica Adventista de Ziua a Saptea\",\"potentialAction\":[{\"@type\":\"SearchAction\",\"target\":{\"@type\":\"EntryPoint\",\"urlTemplate\":\"https:\/\/adventistoltenia.ro\/site\/?s={search_term_string}\"},\"query-input\":\"required name=search_term_string\"}],\"inLanguage\":\"en-US\"}]}<\/script>\n<!-- \/ Yoast SEO plugin. -->","yoast_head_json":{"title":"Asocia\u021bia pastoral\u0103 - Conferinta Oltenia","robots":{"index":"index","follow":"follow","max-snippet":"max-snippet:-1","max-image-preview":"max-image-preview:large","max-video-preview":"max-video-preview:-1"},"canonical":"https:\/\/adventistoltenia.ro\/site\/asociatia-pastorala\/","og_locale":"en_US","og_type":"article","og_title":"Asocia\u021bia pastoral\u0103 - Conferinta Oltenia","og_description":"Asocia\u0163ia Pastoral\u0103 \u00ee\u015fi propune prin activit\u0103tile ei s\u0103 \u00eei ajute pe pastori \u00een dezvoltarea personal\u0103, consiliere \u015fi sf\u0103tuire, \u00eei conduce la o rela\u0163ie vie cu Dumnezeu\u00a0\u015fi la un sim\u0163\u0103m\u00e2nt mai puternic al valorii de sine, le \u00eent\u0103re\u015fte autoritatea \u00een teritoriu \u015fi credin\u0163a \u00een vremuri de conflict \u015fi dispute doctrinale. Faciliteaz\u0103 c\u00e2\u015ftigarea de suflete, hr\u0103nirea \u015fi &hellip; Continued","og_url":"https:\/\/adventistoltenia.ro\/site\/asociatia-pastorala\/","og_site_name":"Conferinta Oltenia","article_modified_time":"2025-03-12T07:14:59+00:00","twitter_card":"summary_large_image","twitter_misc":{"Est. reading time":"1 minute"},"schema":{"@context":"https:\/\/schema.org","@graph":[{"@type":"WebPage","@id":"https:\/\/adventistoltenia.ro\/site\/asociatia-pastorala\/","url":"https:\/\/adventistoltenia.ro\/site\/asociatia-pastorala\/","name":"Asocia\u021bia pastoral\u0103 - Conferinta Oltenia","isPartOf":{"@id":"https:\/\/adventistoltenia.ro\/site\/#website"},"datePublished":"2017-08-24T08:58:40+00:00","dateModified":"2025-03-12T07:14:59+00:00","breadcrumb":{"@id":"https:\/\/adventistoltenia.ro\/site\/asociatia-pastorala\/#breadcrumb"},"inLanguage":"en-US","potentialAction":[{"@type":"ReadAction","target":["https:\/\/adventistoltenia.ro\/site\/asociatia-pastorala\/"]}]},{"@type":"BreadcrumbList","@id":"https:\/\/adventistoltenia.ro\/site\/asociatia-pastorala\/#breadcrumb","itemListElement":[{"@type":"ListItem","position":1,"name":"Home","item":"https:\/\/adventistoltenia.ro\/site\/"},{"@type":"ListItem","position":2,"name":"Asocia\u021bia pastoral\u0103"}]},{"@type":"WebSite","@id":"https:\/\/adventistoltenia.ro\/site\/#website","url":"https:\/\/adventistoltenia.ro\/site\/","name":"Conferinta Oltenia","description":"Biserica Adventista de Ziua a Saptea","potentialAction":[{"@type":"SearchAction","target":{"@type":"EntryPoint","urlTemplate":"https:\/\/adventistoltenia.ro\/site\/?s={search_term_string}"},"query-input":"required name=search_term_string"}],"inLanguage":"en-US"}]}},"_links":{"self":[{"href":"https:\/\/adventistoltenia.ro\/site\/wp-json\/wp\/v2\/pages\/1474"}],"collection":[{"href":"https:\/\/adventistoltenia.ro\/site\/wp-json\/wp\/v2\/pages"}],"about":[{"href":"https:\/\/adventistoltenia.ro\/site\/wp-json\/wp\/v2\/types\/page"}],"author":[{"embeddable":true,"href":"https:\/\/adventistoltenia.ro\/site\/wp-json\/wp\/v2\/users\/4"}],"replies":[{"embeddable":true,"href":"https:\/\/adventistoltenia.ro\/site\/wp-json\/wp\/v2\/comments?post=1474"}],"version-history":[{"count":2,"href":"https:\/\/adventistoltenia.ro\/site\/wp-json\/wp\/v2\/pages\/1474\/revisions"}],"predecessor-version":[{"id":3693,"href":"https:\/\/adventistoltenia.ro\/site\/wp-json\/wp\/v2\/pages\/1474\/revisions\/3693"}],"wp:attachment":[{"href":"https:\/\/adventistoltenia.ro\/site\/wp-json\/wp\/v2\/media?parent=1474"}],"curies":[{"name":"wp","href":"https:\/\/api.w.org\/{rel}","templated":true}]}}