{"id":64,"date":"2014-05-26T14:22:20","date_gmt":"2014-05-26T14:22:20","guid":{"rendered":"http:\/\/themes.wplook.com\/benevolence\/?page_id=64"},"modified":"2017-08-24T12:26:59","modified_gmt":"2017-08-24T12:26:59","slug":"biserica-mondiala","status":"publish","type":"page","link":"https:\/\/adventistoltenia.ro\/site\/biserica-mondiala\/","title":{"rendered":"Biserica Mondiala"},"content":{"rendered":"<h2 align=\"left\"><strong>Biserica Mondial\u0103<\/strong><\/h2>\n<p align=\"left\">Biserica Adventist\u0103 de Ziua a \u0218aptea consider\u0103 c\u0103 are un rol special \u00een r\u0103sp\u00e2ndirea mesajului lui Isus Hristos \u00een \u00eentreaga lume, fiind prezent\u0103 \u00een 209 din cele 232 de \u021b\u0103ri recunoscute de c\u0103tre Na\u021biunile Unite, public\u00e2nd prin cele\u00a0peste 60 de edituri, materiale \u00een 921 de\u00a0limbi \u0219i dialecte.<\/p>\n<p align=\"left\">Av\u00e2nd mai mult de 17 milioane de membri boteza\u021bi la 30 iunie 2011 (25 de milioane de credincio\u0219i \u00een total) \u0219i cu peste\u00a0un milion de noi membri ce se al\u0103tur\u0103 Bisericii \u00een fiecare an, av\u00e2nd peste 70.000 de biserici, adventismul de ziua a \u0219aptea este una dintre denomina\u021biunile cre\u0219tine cu cel mai rapid ritm de cre\u0219tere din lume.<\/p>\n<h3 align=\"left\"><strong>Componen\u021ba \u0219i caracterul global<\/strong><\/h3>\n<p align=\"left\">Biserica Adventist\u0103 de Ziua a \u0218aptea crede c\u0103 are un rol special \u00een r\u0103sp\u00e2ndirea mesajului lui Isus Hristos \u00een \u00eentreaga lume, de aceea membrii ei au r\u0103mas o biseric\u0103 mondial\u0103 ca structur\u0103 \u0219i obiectiv. Caracterul global al misiunii Bisericii se reg\u0103se\u0219te \u00een componen\u021ba membrilor s\u0103i: 39% africani, 30% hispanici, 14% est-asiatici \u0219i 11% caucazieni.<\/p>\n<p align=\"left\">\u00cen r\u00e2ndul credincio\u0219ilor adventi\u0219ti se reg\u0103sesc figuri marcante, cum ar fi: Barry Black, Contra-Amiral \u0219i Capelan al Senatului SUA din 2003, James Standish, director executiv al United States Commission on International Religious Freedom \u0219i reprezentant la ONU al Bisericii Adventiste de Ziua a \u0218aptea, Barry W. Bussey \u2013 reprezentant oficial al\u00a0<b>International Religious Liberty Association<\/b>\u00a0(cea mai veche organiza\u021bie dedicata libert\u0103\u021bii de con\u0219tiin\u021b\u0103) la ONU, Dr. Benjamin\u00a0Carson, celebru neurochirurg pediatric, Desmond Doss, medic \u2013 erou, subiect al documentarului\u00a0<b>The Conscientious Objector,<\/b>\u00a0Patrick Linton Allen, guvernatorul general din Jamaica, Sir James Carlisle, guvernatorul Antigua si Barbuda timp de 14 ani (p\u00e2n\u0103 \u00een 2007), primul guvernator autohton numit de Regina Elisabeta a II-a \u00een aceast\u0103 pozi\u021bie iar lista ar putea continua.<\/p>\n<h3 align=\"left\"><strong>Educa\u021bia<\/strong><\/h3>\n<p align=\"left\">Biserica Adventist\u0103 de Ziua a \u0218aptea se remarc\u0103 \u00een r\u00e2ndul bisericilor cre\u0219tine prin faptul c\u0103 de\u021bine unul dintre cele mai dezvoltate sisteme educa\u021bionale protestante din lume cu 7.800 scoli,\u00a0colegii \u0219i universit\u0103\u021bi ce asigur\u0103 educa\u021bia a peste 1.600.000 de persoane.<\/p>\n<p align=\"left\">Aceast\u0103 re\u021bea de \u0219coli, dintre care numeroase au primit recunoa\u0219terea public\u0103 pentru activitatea desf\u0103\u0219urat\u0103, ofer\u0103 educa\u021bie cre\u0219tin\u0103 at\u00e2t la nivel preuniversitar c\u00e2t \u0219i universitar, pun\u00e2nd un accent deosebit pe dezvoltarea mentalit\u0103\u021bii de slujire a societ\u0103\u021bii.<\/p>\n<h3 align=\"left\"><strong>Medicin\u0103<\/strong><\/h3>\n<p align=\"left\">Adventi\u0219tii de ziua a \u0219aptea de\u021bin 700 de institu\u021bii medicale dintre care 351 de clinici \u0219i dispensare \u0219i 173 de spitale \u0219i policlinici care deservesc 16 milioane de persoane \u0219i promoveaz\u0103 \u00een mod consecvent programele de asigurare a s\u0103n\u0103t\u0103\u021bii popula\u021biei, oferind programe pentru renun\u021barea la fumat, reabilitare a alcoolicilor, programe de sl\u0103bire \u0219i de lupt\u0103 \u00eempotriva stresului.<\/p>\n<p align=\"left\">Pentru o imagine mai complex\u0103 asupra acestui aspect, v\u0103 recomand\u0103m vizionarea filmului\u00a0<b>\u201cAdventi<\/b><b>\u0219<\/b><b>tii\u201d<\/b>\u00a0, un documentar independent realizat de regizorul Martin Doblmeier (romano-catolic) \u00een 2010.<\/p>\n<p align=\"left\"><strong>Universitatea Loma Linda<\/strong>\u00a0din sudul Californiei, specializat\u0103 \u00een domeniul medical, s-a bucurat de interesul mass-media mai mult dec\u00e2t oricare alt centru medical din Statele Unite datorit\u0103 rezultatelor cercet\u0103rilor \u0219tiin\u021bifice, dintre care unele reprezint\u0103 premiere mondiale, cum ar fi transplantul de inim\u0103 la copii (\u201cBaby Fae\u201d) \u0219i acceleratorul de protoni folosit pentru tratarea cancerului.<\/p>\n<p align=\"left\">O alt\u0103 institu\u021bie medical\u0103 adventist\u0103,\u00a0<b>Spitalul Adventist din Florida<\/b>, a fost aleas\u0103 de c\u0103tre concernul Walt Disney s\u0103 asigure asisten\u021ba medical\u0103 pentru noua comunitate Disney, Celebration City.<\/p>\n<p align=\"left\">Tot \u00een acest domeniu se remarc\u0103 doi speciali\u0219ti mondiali:<\/p>\n<ul>\n<li><strong>Dr. Benjamin\u00a0Carson<\/strong>, conduc\u0103torul sec\u021biei de neurochirurgie pediatric\u0103 a institu\u021biilor medicale ale Universit\u0103\u021bii Johns Hopkins din Baltimore, S.U.A. \u0219i pionier \u00een neurochirurgie pediatric\u0103. Cunoscut poate cel mai mult datorit\u0103 eforturilor \u00eencununate de succes \u00een domeniul separ\u0103rii siamezilor \u0219i pentru rezultatele ob\u021binute \u00een tratarea atacurilor de epilepsie la copii, acesta a primit\u00a0in 2008\u00a0Medalia preziden\u021bial\u0103 a Libert\u0103\u021bii ca \u201crecunoa\u0219tere a contribut\u021bilor sale extraordinare aduse medicinii \u0219i a influen\u021bei sale motivatoare asupra tinerilor Americii\u201d, dup\u0103 cum a\u00a0precizat fostul pre\u0219edinte al Statelor Unite, George W. Bush, \u00een timpul ceremoniei de la Casa Alb\u0103. Pe 7 februarie 2009, postul de televiziune a lansat o ecranizare a vie\u021bii Dr. Ben Carson,\u00a0<b>\u201cGifted Hands\u201d<\/b>\u00a0(M\u00e2ini \u00cenzestrate) av\u00e2ndu-l \u00een rolul principal pe de\u021bin\u0103torul premiului Oscar Cuba Gooding Jr<\/li>\n<li><strong>Dr. Linda Ferry<\/strong>, cercet\u0103tor al Universit\u0103\u021bii Loma Linda, ale c\u0103rei cercetari\u00a0au dus la\u00a0descoperirea Bupropion-ului \u2013 comercial \u201cZyban\u201d \u0219i pentru care a primit\u00a0Medalia pentru controlul fumatului din partea Organiza\u021biei Mondiale a S\u0103n\u0103t\u0103\u021bii.<\/li>\n<\/ul>\n<h3 align=\"left\"><strong>Mass Media<\/strong><\/h3>\n<p align=\"left\"><strong>Adventist Television Network<\/strong> a lansat \u00een anul 2003 <strong>Hope Channe<\/strong>l, un canal de televiziune adventist mondial, care func\u021bioneaz\u0103 24 de ore \/ zi, disponibil inclusiv online la\u00a0<a href=\"http:\/\/www.hopetv.org\/\"><b>www.hopetv.org<\/b><\/a>\u00a0. Programele Hope Channel includ emisiuni zilnice \u00een limba rom\u0103n\u0103.<br \/>\nAdventist Television Network difuzeaz\u0103 de asemenea programe prin satelit traduse simultan in 40 de limbi, transmise \u00een toat\u0103 lumea. Mai multe informa\u021bii pot fi gasite pe site-ul\u00a0<a href=\"http:\/\/www.adventist.tv\/\"><b>www.adventist.tv<\/b><\/a><\/p>\n<p align=\"left\"><strong>Adventist World Radio (AWR)<\/strong> transmite mesajul Evangheliei \u00een cele mai \u00eendep\u0103rtate col\u021buri ale lumii. AWR emite \u00een 55 de limbi, inclusiv \u00een limba romana prin\u00a0<b>Radio Vocea Sperante<\/b>i. Programele pot fi ascultate \u00een \u00eentreaga \u021bar\u0103 at\u00e2t prin intermediul celor 50 de sta\u021bii locale cat si pe internet la\u00a0<a href=\"http:\/\/www.rvs.ro\/\"><b>www.rvs.ro<\/b><\/a><\/p>\n<h3 align=\"left\"><strong>Tehnologie<\/strong><\/h3>\n<p align=\"left\">Un rol important \u00een \u00eemplinirea misiunii Bisericii l-a jucat tehnologia. De exemplu, Radioul Adventist Mondial (AWR) emite \u00een peste 40 de limbi inclusiv, hindustana, mandarina si vietnameza. La r\u00e2ndul sau, BBC a declarat c\u0103 dintre programele religioase din Rusia cele ale postului de radio adventist Vocea Speran\u021bei s-au\u00a0 bucurat de cea mai mare popularitate.<\/p>\n<p align=\"left\">\u00cen 1994, \u00een cadrul unei ini\u021biative de comunicare cu bisericile locale, a fost \u00eenfiin\u021bat\u0103 Re\u021beaua Adventist\u0103 de Comunicare, utiliz\u00e2nd televiziunea prin satelit. Aceast\u0103 tehnolgie a fost folosita \u00een 1995 cu ocazia primului program de evanghelizare prin satelit al Bisericii, recep\u021bionat de 100 000 de persoane \u00een 676 de localit\u0103\u021bi urm\u00e2nd ca \u00een 1998 programul Net\u201998 s\u0103 cuprind\u0103 cele \u0219ase continente, fiind recep\u021bionat \u00een\u00a07.600 de s\u0103li, \u00een peste 100 de \u021b\u0103ri fiind tradus simultan \u00een 40 de limbi. Conform statisticilor, fiecare transmisie a fost recep\u021bionat\u0103 la nivel mondial, de aproximativ\u00a0 1.400.000 de persoane.<\/p>\n ","protected":false},"excerpt":{"rendered":"<p>Biserica Mondial\u0103 Biserica Adventist\u0103 de Ziua a \u0218aptea consider\u0103 c\u0103 are un rol special \u00een r\u0103sp\u00e2ndirea mesajului lui Isus Hristos \u00een \u00eentreaga lume, fiind prezent\u0103 \u00een 209 din cele 232 de \u021b\u0103ri recunoscute de c\u0103tre Na\u021biunile Unite, public\u00e2nd prin cele\u00a0peste 60 de edituri, materiale \u00een 921 de\u00a0limbi \u0219i dialecte. Av\u00e2nd mai mult de 17 milioane &hellip; <a href=\"https:\/\/adventistoltenia.ro\/site\/biserica-mondiala\/\">Continued<\/a><\/p>\n","protected":false},"author":2,"featured_media":0,"parent":0,"menu_order":0,"comment_status":"open","ping_status":"closed","template":"","meta":[],"yoast_head":"<!-- This site is optimized with the Yoast SEO plugin v20.3 - https:\/\/yoast.com\/wordpress\/plugins\/seo\/ -->\n<title>Biserica Mondiala - Conferinta Oltenia<\/title>\n<meta name=\"robots\" content=\"index, follow, max-snippet:-1, max-image-preview:large, max-video-preview:-1\" \/>\n<link rel=\"canonical\" href=\"https:\/\/adventistoltenia.ro\/site\/biserica-mondiala\/\" \/>\n<meta property=\"og:locale\" content=\"en_US\" \/>\n<meta property=\"og:type\" content=\"article\" \/>\n<meta property=\"og:title\" content=\"Biserica Mondiala - Conferinta Oltenia\" \/>\n<meta property=\"og:description\" content=\"Biserica Mondial\u0103 Biserica Adventist\u0103 de Ziua a \u0218aptea consider\u0103 c\u0103 are un rol special \u00een r\u0103sp\u00e2ndirea mesajului lui Isus Hristos \u00een \u00eentreaga lume, fiind prezent\u0103 \u00een 209 din cele 232 de \u021b\u0103ri recunoscute de c\u0103tre Na\u021biunile Unite, public\u00e2nd prin cele\u00a0peste 60 de edituri, materiale \u00een 921 de\u00a0limbi \u0219i dialecte. Av\u00e2nd mai mult de 17 milioane &hellip; Continued\" \/>\n<meta property=\"og:url\" content=\"https:\/\/adventistoltenia.ro\/site\/biserica-mondiala\/\" \/>\n<meta property=\"og:site_name\" content=\"Conferinta Oltenia\" \/>\n<meta property=\"article:modified_time\" content=\"2017-08-24T12:26:59+00:00\" \/>\n<meta name=\"twitter:card\" content=\"summary_large_image\" \/>\n<meta name=\"twitter:label1\" content=\"Est. reading time\" \/>\n\t<meta name=\"twitter:data1\" content=\"5 minutes\" \/>\n<script type=\"application\/ld+json\" class=\"yoast-schema-graph\">{\"@context\":\"https:\/\/schema.org\",\"@graph\":[{\"@type\":\"WebPage\",\"@id\":\"https:\/\/adventistoltenia.ro\/site\/biserica-mondiala\/\",\"url\":\"https:\/\/adventistoltenia.ro\/site\/biserica-mondiala\/\",\"name\":\"Biserica Mondiala - Conferinta Oltenia\",\"isPartOf\":{\"@id\":\"https:\/\/adventistoltenia.ro\/site\/#website\"},\"datePublished\":\"2014-05-26T14:22:20+00:00\",\"dateModified\":\"2017-08-24T12:26:59+00:00\",\"breadcrumb\":{\"@id\":\"https:\/\/adventistoltenia.ro\/site\/biserica-mondiala\/#breadcrumb\"},\"inLanguage\":\"en-US\",\"potentialAction\":[{\"@type\":\"ReadAction\",\"target\":[\"https:\/\/adventistoltenia.ro\/site\/biserica-mondiala\/\"]}]},{\"@type\":\"BreadcrumbList\",\"@id\":\"https:\/\/adventistoltenia.ro\/site\/biserica-mondiala\/#breadcrumb\",\"itemListElement\":[{\"@type\":\"ListItem\",\"position\":1,\"name\":\"Home\",\"item\":\"https:\/\/adventistoltenia.ro\/site\/\"},{\"@type\":\"ListItem\",\"position\":2,\"name\":\"Biserica Mondiala\"}]},{\"@type\":\"WebSite\",\"@id\":\"https:\/\/adventistoltenia.ro\/site\/#website\",\"url\":\"https:\/\/adventistoltenia.ro\/site\/\",\"name\":\"Conferinta Oltenia\",\"description\":\"Biserica Adventista de Ziua a Saptea\",\"potentialAction\":[{\"@type\":\"SearchAction\",\"target\":{\"@type\":\"EntryPoint\",\"urlTemplate\":\"https:\/\/adventistoltenia.ro\/site\/?s={search_term_string}\"},\"query-input\":\"required name=search_term_string\"}],\"inLanguage\":\"en-US\"}]}<\/script>\n<!-- \/ Yoast SEO plugin. -->","yoast_head_json":{"title":"Biserica Mondiala - Conferinta Oltenia","robots":{"index":"index","follow":"follow","max-snippet":"max-snippet:-1","max-image-preview":"max-image-preview:large","max-video-preview":"max-video-preview:-1"},"canonical":"https:\/\/adventistoltenia.ro\/site\/biserica-mondiala\/","og_locale":"en_US","og_type":"article","og_title":"Biserica Mondiala - Conferinta Oltenia","og_description":"Biserica Mondial\u0103 Biserica Adventist\u0103 de Ziua a \u0218aptea consider\u0103 c\u0103 are un rol special \u00een r\u0103sp\u00e2ndirea mesajului lui Isus Hristos \u00een \u00eentreaga lume, fiind prezent\u0103 \u00een 209 din cele 232 de \u021b\u0103ri recunoscute de c\u0103tre Na\u021biunile Unite, public\u00e2nd prin cele\u00a0peste 60 de edituri, materiale \u00een 921 de\u00a0limbi \u0219i dialecte. Av\u00e2nd mai mult de 17 milioane &hellip; Continued","og_url":"https:\/\/adventistoltenia.ro\/site\/biserica-mondiala\/","og_site_name":"Conferinta Oltenia","article_modified_time":"2017-08-24T12:26:59+00:00","twitter_card":"summary_large_image","twitter_misc":{"Est. reading time":"5 minutes"},"schema":{"@context":"https:\/\/schema.org","@graph":[{"@type":"WebPage","@id":"https:\/\/adventistoltenia.ro\/site\/biserica-mondiala\/","url":"https:\/\/adventistoltenia.ro\/site\/biserica-mondiala\/","name":"Biserica Mondiala - Conferinta Oltenia","isPartOf":{"@id":"https:\/\/adventistoltenia.ro\/site\/#website"},"datePublished":"2014-05-26T14:22:20+00:00","dateModified":"2017-08-24T12:26:59+00:00","breadcrumb":{"@id":"https:\/\/adventistoltenia.ro\/site\/biserica-mondiala\/#breadcrumb"},"inLanguage":"en-US","potentialAction":[{"@type":"ReadAction","target":["https:\/\/adventistoltenia.ro\/site\/biserica-mondiala\/"]}]},{"@type":"BreadcrumbList","@id":"https:\/\/adventistoltenia.ro\/site\/biserica-mondiala\/#breadcrumb","itemListElement":[{"@type":"ListItem","position":1,"name":"Home","item":"https:\/\/adventistoltenia.ro\/site\/"},{"@type":"ListItem","position":2,"name":"Biserica Mondiala"}]},{"@type":"WebSite","@id":"https:\/\/adventistoltenia.ro\/site\/#website","url":"https:\/\/adventistoltenia.ro\/site\/","name":"Conferinta Oltenia","description":"Biserica Adventista de Ziua a Saptea","potentialAction":[{"@type":"SearchAction","target":{"@type":"EntryPoint","urlTemplate":"https:\/\/adventistoltenia.ro\/site\/?s={search_term_string}"},"query-input":"required name=search_term_string"}],"inLanguage":"en-US"}]}},"_links":{"self":[{"href":"https:\/\/adventistoltenia.ro\/site\/wp-json\/wp\/v2\/pages\/64"}],"collection":[{"href":"https:\/\/adventistoltenia.ro\/site\/wp-json\/wp\/v2\/pages"}],"about":[{"href":"https:\/\/adventistoltenia.ro\/site\/wp-json\/wp\/v2\/types\/page"}],"author":[{"embeddable":true,"href":"https:\/\/adventistoltenia.ro\/site\/wp-json\/wp\/v2\/users\/2"}],"replies":[{"embeddable":true,"href":"https:\/\/adventistoltenia.ro\/site\/wp-json\/wp\/v2\/comments?post=64"}],"version-history":[{"count":0,"href":"https:\/\/adventistoltenia.ro\/site\/wp-json\/wp\/v2\/pages\/64\/revisions"}],"wp:attachment":[{"href":"https:\/\/adventistoltenia.ro\/site\/wp-json\/wp\/v2\/media?parent=64"}],"curies":[{"name":"wp","href":"https:\/\/api.w.org\/{rel}","templated":true}]}}